Dec 02 00:30:35.333 INFO testing anztrax/learnrust against master#8940af3cea4a9a9deabcaf843b2f8cad9a83fc61 for beta-1.31-5
Dec 02 00:30:35.333 INFO running `"docker" "create" "-v" "/mnt/big/crater/work/local/target-dirs/beta-1.31-5/worker-7/master#8940af3cea4a9a9deabcaf843b2f8cad9a83fc61:/target:rw,Z" "-v" "/mnt/big/crater/work/local/test-source/worker-7/beta-1.31-5/master#8940af3cea4a9a9deabcaf843b2f8cad9a83fc61:/source:ro,Z" "-v" "/mnt/big/crater/work/local/cargo-home:/cargo-home:ro,Z" "-v" "/mnt/big/crater/work/local/rustup-home:/rustup-home:ro,Z" "-e" "USER_ID=1000" "-e" "SOURCE_DIR=/source" "-e" "USER_ID=1000" "-e" "CMD=cargo +8940af3cea4a9a9deabcaf843b2f8cad9a83fc61-alt build --frozen" "-e" "CARGO_TARGET_DIR=/target" "-e" "CARGO_INCREMENTAL=0" "-e" "RUST_BACKTRACE=full" "-e" "RUSTFLAGS=--cap-lints=warn" "-e" "CARGO_HOME=/cargo-home" "-e" "RUSTUP_HOME=/rustup-home" "-m" "1536M" "--network" "none" "crater"`
Dec 02 00:30:35.531 INFO [stdout] d6bc87867fbf906e80849bdf7f84b56bddb86b1f89e0888838d35c1ef20ec132
Dec 02 00:30:35.532 INFO running `"docker" "start" "-a" "d6bc87867fbf906e80849bdf7f84b56bddb86b1f89e0888838d35c1ef20ec132"`
Dec 02 00:30:36.259 INFO [stderr] usermod: no changes
Dec 02 00:30:36.327 INFO [stderr]    Compiling learnrust v0.1.0 (/source)
Dec 02 00:30:36.767 INFO [stderr] warning: unused import: `::lessons::Rectangle::Rectangle`
Dec 02 00:30:36.767 INFO [stderr]  --> src/adder/mod.rs:1:5
Dec 02 00:30:36.767 INFO [stderr]   |
Dec 02 00:30:36.767 INFO [stderr] 1 | use ::lessons::Rectangle::Rectangle;
Dec 02 00:30:36.767 INFO [stderr]   |     ^^^^^^^^^^^^^^^^^^^^^^^^^^^^^^^
Dec 02 00:30:36.767 INFO [stderr]   |
Dec 02 00:30:36.767 INFO [stderr]   = note: #[warn(unused_imports)] on by default
Dec 02 00:30:36.767 INFO [stderr] 
Dec 02 00:30:36.767 INFO [stderr] warning: unused import: `::lessons::Guess::Guess`
Dec 02 00:30:36.767 INFO [stderr]  --> src/adder/mod.rs:2:5
Dec 02 00:30:36.767 INFO [stderr]   |
Dec 02 00:30:36.767 INFO [stderr] 2 | use ::lessons::Guess::Guess;
Dec 02 00:30:36.767 INFO [stderr]   |     ^^^^^^^^^^^^^^^^^^^^^^^
Dec 02 00:30:36.767 INFO [stderr] 
Dec 02 00:30:36.767 INFO [stderr] warning: unnecessary parentheses around `if` condition
Dec 02 00:30:36.767 INFO [stderr]   --> src/closures/learnIterator.rs:30:7
Dec 02 00:30:36.767 INFO [stderr]    |
Dec 02 00:30:36.767 INFO [stderr] 30 |     if(self.count < 6){
Dec 02 00:30:36.767 INFO [stderr]    |       ^^^^^^^^^^^^^^^^ help: remove these parentheses
Dec 02 00:30:36.767 INFO [stderr]    |
Dec 02 00:30:36.767 INFO [stderr]    = note: #[warn(unused_parens)] on by default
Dec 02 00:30:36.767 INFO [stderr] 
Dec 02 00:30:36.925 INFO [stderr] warning: unused variable: `v_reference`
Dec 02 00:30:36.925 INFO [stderr]   --> src/lessons/commonCollection.rs:25:9
Dec 02 00:30:36.925 INFO [stderr]    |
Dec 02 00:30:36.925 INFO [stderr] 25 |     let v_reference = &v[v_index];
Dec 02 00:30:36.925 INFO [stderr]    |         ^^^^^^^^^^^ help: consider using `_v_reference` instead
Dec 02 00:30:36.925 INFO [stderr]    |
Dec 02 00:30:36.925 INFO [stderr]    = note: #[warn(unused_variables)] on by default
Dec 02 00:30:36.925 INFO [stderr] 
Dec 02 00:30:36.926 INFO [stderr] warning: unused variable: `s2`
Dec 02 00:30:36.926 INFO [stderr]   --> src/lessons/tryStringCollection.rs:24:7
Dec 02 00:30:36.926 INFO [stderr]    |
Dec 02 00:30:36.926 INFO [stderr] 24 |   let s2 = String::from("tac");
Dec 02 00:30:36.926 INFO [stderr]    |       ^^ help: consider using `_s2` instead
Dec 02 00:30:36.926 INFO [stderr] 
Dec 02 00:30:36.926 INFO [stderr] warning: unused variable: `point2`
Dec 02 00:30:36.926 INFO [stderr]   --> src/lessons/tryGenericTypes.rs:48:7
Dec 02 00:30:36.926 INFO [stderr]    |
Dec 02 00:30:36.926 INFO [stderr] 48 |   let point2 = Point{x : 10.1, y: 20.2};
Dec 02 00:30:36.926 INFO [stderr]    |       ^^^^^^ help: consider using `_point2` instead
Dec 02 00:30:36.926 INFO [stderr] 
Dec 02 00:30:36.926 INFO [stderr] warning: unused variable: `point2_2`
Dec 02 00:30:36.926 INFO [stderr]   --> src/lessons/tryGenericTypes.rs:53:7
Dec 02 00:30:36.926 INFO [stderr]    |
Dec 02 00:30:36.926 INFO [stderr] 53 |   let point2_2 = Point2{x : 20, y : 20.1};
Dec 02 00:30:36.926 INFO [stderr]    |       ^^^^^^^^ help: consider using `_point2_2` instead
Dec 02 00:30:36.926 INFO [stderr] 
Dec 02 00:30:36.926 INFO [stderr] warning: unused variable: `intensity`
Dec 02 00:30:36.926 INFO [stderr]   --> src/closures/learnClosure.rs:41:40
Dec 02 00:30:36.926 INFO [stderr]    |
Dec 02 00:30:36.926 INFO [stderr] 41 | pub fn simulated_expensive_calculation(intensity: u32){
Dec 02 00:30:36.926 INFO [stderr]    |                                        ^^^^^^^^^ help: consider using `_intensity` instead
Dec 02 00:30:36.926 INFO [stderr] 
Dec 02 00:30:36.926 INFO [stderr] warning: unused variable: `expensive_result2`
Dec 02 00:30:36.926 INFO [stderr]   --> src/closures/learnClosure.rs:62:7
Dec 02 00:30:36.926 INFO [stderr]    |
Dec 02 00:30:36.926 INFO [stderr] 62 |   let expensive_result2 = expensive_calculation(intensity);
Dec 02 00:30:36.926 INFO [stderr]    |       ^^^^^^^^^^^^^^^^^ help: consider using `_expensive_result2` instead
Dec 02 00:30:36.926 INFO [stderr] 
Dec 02 00:30:36.926 INFO [stderr] warning: unused variable: `expensive_result3`
Dec 02 00:30:36.926 INFO [stderr]   --> src/closures/learnClosure.rs:63:7
Dec 02 00:30:36.926 INFO [stderr]    |
Dec 02 00:30:36.926 INFO [stderr] 63 |   let expensive_result3 = |num: u32| -> u32{
Dec 02 00:30:36.926 INFO [stderr]    |       ^^^^^^^^^^^^^^^^^ help: consider using `_expensive_result3` instead
Dec 02 00:30:36.926 INFO [stderr] 
Dec 02 00:30:36.999 INFO [stderr] warning: function is never used: `returns_summarizable`
Dec 02 00:30:36.999 INFO [stderr]    --> src/lessons/tryGenericTypes.rs:132:1
Dec 02 00:30:36.999 INFO [stderr]     |
Dec 02 00:30:36.999 INFO [stderr] 132 | fn returns_summarizable() -> impl Summary {
Dec 02 00:30:36.999 INFO [stderr]     | ^^^^^^^^^^^^^^^^^^^^^^^^^^^^^^^^^^^^^^^^^
Dec 02 00:30:36.999 INFO [stderr]     |
Dec 02 00:30:36.999 INFO [stderr]     = note: #[warn(dead_code)] on by default
Dec 02 00:30:36.999 INFO [stderr] 
Dec 02 00:30:36.999 INFO [stderr] warning: field is never used: `value`
Dec 02 00:30:36.999 INFO [stderr]  --> src/lessons/Guess.rs:2:3
Dec 02 00:30:36.999 INFO [stderr]   |
Dec 02 00:30:36.999 INFO [stderr] 2 |   value:u32,
Dec 02 00:30:36.999 INFO [stderr]   |   ^^^^^^^^^
Dec 02 00:30:36.999 INFO [stderr] 
Dec 02 00:30:36.999 INFO [stderr] warning: module `commonCollection` should have a snake case name such as `common_collection`
Dec 02 00:30:36.999 INFO [stderr]  --> src/lessons/mod.rs:1:1
Dec 02 00:30:36.999 INFO [stderr]   |
Dec 02 00:30:36.999 INFO [stderr] 1 | pub mod commonCollection;
Dec 02 00:30:36.999 INFO [stderr]   | ^^^^^^^^^^^^^^^^^^^^^^^^^
Dec 02 00:30:36.999 INFO [stderr]   |
Dec 02 00:30:36.999 INFO [stderr]   = note: #[warn(non_snake_case)] on by default
Dec 02 00:30:36.999 INFO [stderr] 
Dec 02 00:30:36.999 INFO [stderr] warning: function `tryCommonCollection` should have a snake case name such as `try_common_collection`
Dec 02 00:30:36.999 INFO [stderr]   --> src/lessons/commonCollection.rs:8:1
Dec 02 00:30:36.999 INFO [stderr]    |
Dec 02 00:30:36.999 INFO [stderr] 8  | / pub fn tryCommonCollection(){
Dec 02 00:30:36.999 INFO [stderr] 9  | |     let v = vec![1,2,3];
Dec 02 00:30:36.999 INFO [stderr] 10 | |     println!("vector value : {:#?}", v);
Dec 02 00:30:36.999 INFO [stderr] 11 | |
Dec 02 00:30:36.999 INFO [stderr] ...  |
Dec 02 00:30:36.999 INFO [stderr] 65 | |     println!("row data : {:?}", row);
Dec 02 00:30:36.999 INFO [stderr] 66 | | }
Dec 02 00:30:36.999 INFO [stderr]    | |_^
Dec 02 00:30:36.999 INFO [stderr] 
Dec 02 00:30:37.001 INFO [stderr] warning: module `tryStringCollection` should have a snake case name such as `try_string_collection`
Dec 02 00:30:37.001 INFO [stderr]  --> src/lessons/mod.rs:3:1
Dec 02 00:30:37.001 INFO [stderr]   |
Dec 02 00:30:37.001 INFO [stderr] 3 | pub mod tryStringCollection;
Dec 02 00:30:37.001 INFO [stderr]   | ^^^^^^^^^^^^^^^^^^^^^^^^^^^^
Dec 02 00:30:37.002 INFO [stderr] 
Dec 02 00:30:37.003 INFO [stderr] warning: function `tryUpdateString` should have a snake case name such as `try_update_string`
Dec 02 00:30:37.003 INFO [stderr]   --> src/lessons/tryStringCollection.rs:1:1
Dec 02 00:30:37.003 INFO [stderr]    |
Dec 02 00:30:37.003 INFO [stderr] 1  | / pub fn tryUpdateString(){
Dec 02 00:30:37.003 INFO [stderr] 2  | |   println!("==============================");
Dec 02 00:30:37.003 INFO [stderr] 3  | |
Dec 02 00:30:37.003 INFO [stderr] 4  | |   let mut s = String::from("foo");
Dec 02 00:30:37.003 INFO [stderr] ...  |
Dec 02 00:30:37.003 INFO [stderr] 37 | |   println!("==============================");
Dec 02 00:30:37.003 INFO [stderr] 38 | | }
Dec 02 00:30:37.003 INFO [stderr]    | |_^
Dec 02 00:30:37.003 INFO [stderr] 
Dec 02 00:30:37.003 INFO [stderr] warning: module `tryHashMapCollection` should have a snake case name such as `try_hash_map_collection`
Dec 02 00:30:37.003 INFO [stderr]  --> src/lessons/mod.rs:5:1
Dec 02 00:30:37.003 INFO [stderr]   |
Dec 02 00:30:37.003 INFO [stderr] 5 | pub mod tryHashMapCollection;
Dec 02 00:30:37.003 INFO [stderr]   | ^^^^^^^^^^^^^^^^^^^^^^^^^^^^^
Dec 02 00:30:37.003 INFO [stderr] 
Dec 02 00:30:37.003 INFO [stderr] warning: function `tryHashMap` should have a snake case name such as `try_hash_map`
Dec 02 00:30:37.003 INFO [stderr]   --> src/lessons/tryHashMapCollection.rs:3:1
Dec 02 00:30:37.003 INFO [stderr]    |
Dec 02 00:30:37.003 INFO [stderr] 3  | / pub fn tryHashMap(){
Dec 02 00:30:37.003 INFO [stderr] 4  | |   println!("========================");
Dec 02 00:30:37.003 INFO [stderr] 5  | |
Dec 02 00:30:37.003 INFO [stderr] 6  | |   let mut scores = HashMap::new();
Dec 02 00:30:37.003 INFO [stderr] ...  |
Dec 02 00:30:37.003 INFO [stderr] 52 | |   println!("========================");
Dec 02 00:30:37.003 INFO [stderr] 53 | | }
Dec 02 00:30:37.003 INFO [stderr]    | |_^
Dec 02 00:30:37.003 INFO [stderr] 
Dec 02 00:30:37.003 INFO [stderr] warning: module `recoverableError` should have a snake case name such as `recoverable_error`
Dec 02 00:30:37.003 INFO [stderr]  --> src/lessons/mod.rs:7:1
Dec 02 00:30:37.003 INFO [stderr]   |
Dec 02 00:30:37.003 INFO [stderr] 7 | pub mod recoverableError;
Dec 02 00:30:37.003 INFO [stderr]   | ^^^^^^^^^^^^^^^^^^^^^^^^^
Dec 02 00:30:37.003 INFO [stderr] 
Dec 02 00:30:37.003 INFO [stderr] warning: function `recoverableError` should have a snake case name such as `recoverable_error`
Dec 02 00:30:37.003 INFO [stderr]   --> src/lessons/recoverableError.rs:27:1
Dec 02 00:30:37.003 INFO [stderr]    |
Dec 02 00:30:37.003 INFO [stderr] 27 | / pub fn recoverableError(){
Dec 02 00:30:37.003 INFO [stderr] 28 | |   let f = File::open("hello.txt");
Dec 02 00:30:37.003 INFO [stderr] 29 | |   let t = match f{
Dec 02 00:30:37.003 INFO [stderr] 30 | |     Ok(file) => file,
Dec 02 00:30:37.003 INFO [stderr] ...  |
Dec 02 00:30:37.003 INFO [stderr] 54 | |   println!("file value : {:?}", t);
Dec 02 00:30:37.003 INFO [stderr] 55 | | }
Dec 02 00:30:37.003 INFO [stderr]    | |_^
Dec 02 00:30:37.003 INFO [stderr] 
Dec 02 00:30:37.003 INFO [stderr] warning: module `tryGenericTypes` should have a snake case name such as `try_generic_types`
Dec 02 00:30:37.003 INFO [stderr]  --> src/lessons/mod.rs:9:1
Dec 02 00:30:37.003 INFO [stderr]   |
Dec 02 00:30:37.003 INFO [stderr] 9 | pub mod tryGenericTypes;
Dec 02 00:30:37.003 INFO [stderr]   | ^^^^^^^^^^^^^^^^^^^^^^^^
Dec 02 00:30:37.003 INFO [stderr] 
Dec 02 00:30:37.003 INFO [stderr] warning: module `tryLifetime` should have a snake case name such as `try_lifetime`
Dec 02 00:30:37.003 INFO [stderr]   --> src/lessons/mod.rs:11:1
Dec 02 00:30:37.003 INFO [stderr]    |
Dec 02 00:30:37.003 INFO [stderr] 11 | pub mod tryLifetime;
Dec 02 00:30:37.003 INFO [stderr]    | ^^^^^^^^^^^^^^^^^^^^
Dec 02 00:30:37.003 INFO [stderr] 
Dec 02 00:30:37.003 INFO [stderr] warning: module `Rectangle` should have a snake case name such as `rectangle`
Dec 02 00:30:37.004 INFO [stderr]   --> src/lessons/mod.rs:13:1
Dec 02 00:30:37.004 INFO [stderr]    |
Dec 02 00:30:37.004 INFO [stderr] 13 | pub mod Rectangle;
Dec 02 00:30:37.004 INFO [stderr]    | ^^^^^^^^^^^^^^^^^^
Dec 02 00:30:37.004 INFO [stderr] 
Dec 02 00:30:37.004 INFO [stderr] warning: module `Guess` should have a snake case name such as `guess`
Dec 02 00:30:37.004 INFO [stderr]   --> src/lessons/mod.rs:15:1
Dec 02 00:30:37.004 INFO [stderr]    |
Dec 02 00:30:37.004 INFO [stderr] 15 | pub mod Guess;
Dec 02 00:30:37.004 INFO [stderr]    | ^^^^^^^^^^^^^^
Dec 02 00:30:37.004 INFO [stderr] 
Dec 02 00:30:37.004 INFO [stderr] warning: module `learnClosure` should have a snake case name such as `learn_closure`
Dec 02 00:30:37.004 INFO [stderr]  --> src/closures/mod.rs:8:1
Dec 02 00:30:37.004 INFO [stderr]   |
Dec 02 00:30:37.004 INFO [stderr] 8 | pub mod learnClosure;
Dec 02 00:30:37.004 INFO [stderr]   | ^^^^^^^^^^^^^^^^^^^^^
Dec 02 00:30:37.004 INFO [stderr] 
Dec 02 00:30:37.004 INFO [stderr] warning: module `learnIterator` should have a snake case name such as `learn_iterator`
Dec 02 00:30:37.004 INFO [stderr]  --> src/closures/mod.rs:9:1
Dec 02 00:30:37.004 INFO [stderr]   |
Dec 02 00:30:37.004 INFO [stderr] 9 | pub mod learnIterator;
Dec 02 00:30:37.004 INFO [stderr]   | ^^^^^^^^^^^^^^^^^^^^^^
Dec 02 00:30:37.004 INFO [stderr] 
Dec 02 00:30:37.004 INFO [stderr] warning: function `learnIterator` should have a snake case name such as `learn_iterator`
Dec 02 00:30:37.004 INFO [stderr]   --> src/closures/learnIterator.rs:41:1
Dec 02 00:30:37.004 INFO [stderr]    |
Dec 02 00:30:37.004 INFO [stderr] 41 | / pub fn learnIterator(){
Dec 02 00:30:37.004 INFO [stderr] 42 | |   let v1 = vec![1,2,3,4];
Dec 02 00:30:37.004 INFO [stderr] 43 | |   let v1_iter = v1.iter();
Dec 02 00:30:37.004 INFO [stderr] 44 | |   for item in v1_iter{
Dec 02 00:30:37.004 INFO [stderr] ...  |
Dec 02 00:30:37.004 INFO [stderr] 64 | |   println!("============================");
Dec 02 00:30:37.004 INFO [stderr] 65 | | }
Dec 02 00:30:37.004 INFO [stderr]    | |_^
Dec 02 00:30:37.004 INFO [stderr] 
Dec 02 00:30:38.551 INFO [stderr] warning: field is never used: `email`
Dec 02 00:30:38.551 INFO [stderr]   --> src/main.rs:19:5
Dec 02 00:30:38.551 INFO [stderr]    |
Dec 02 00:30:38.551 INFO [stderr] 19 |     email: String,
Dec 02 00:30:38.551 INFO [stderr]    |     ^^^^^^^^^^^^^
Dec 02 00:30:38.551 INFO [stderr]    |
Dec 02 00:30:38.551 INFO [stderr]    = note: #[warn(dead_code)] on by default
Dec 02 00:30:38.551 INFO [stderr] 
Dec 02 00:30:38.551 INFO [stderr] warning: field is never used: `sign_in_count`
Dec 02 00:30:38.551 INFO [stderr]   --> src/main.rs:20:5
Dec 02 00:30:38.551 INFO [stderr]    |
Dec 02 00:30:38.551 INFO [stderr] 20 |     sign_in_count: u64,
Dec 02 00:30:38.551 INFO [stderr]    |     ^^^^^^^^^^^^^^^^^^
Dec 02 00:30:38.551 INFO [stderr] 
Dec 02 00:30:38.551 INFO [stderr] warning: field is never used: `active`
Dec 02 00:30:38.551 INFO [stderr]   --> src/main.rs:21:5
Dec 02 00:30:38.551 INFO [stderr]    |
Dec 02 00:30:38.551 INFO [stderr] 21 |     active: bool
Dec 02 00:30:38.551 INFO [stderr]    |     ^^^^^^^^^^^^
Dec 02 00:30:38.551 INFO [stderr] 
Dec 02 00:30:38.551 INFO [stderr] warning: constant `point1` should have an upper case name such as `POINT1`
Dec 02 00:30:38.551 INFO [stderr]    --> src/main.rs:100:5
Dec 02 00:30:38.551 INFO [stderr]     |
Dec 02 00:30:38.551 INFO [stderr] 100 |     const point1 :Point = Point(0,0,0);
Dec 02 00:30:38.551 INFO [stderr]     |     ^^^^^^^^^^^^^^^^^^^^^^^^^^^^^^^^^^^
Dec 02 00:30:38.551 INFO [stderr]     |
Dec 02 00:30:38.551 INFO [stderr]     = note: #[warn(non_upper_case_globals)] on by default
Dec 02 00:30:38.551 INFO [stderr] 
Dec 02 00:30:38.551 INFO [stderr] warning: constant `color1` should have an upper case name such as `COLOR1`
Dec 02 00:30:38.551 INFO [stderr]    --> src/main.rs:101:5
Dec 02 00:30:38.551 INFO [stderr]     |
Dec 02 00:30:38.551 INFO [stderr] 101 |     const color1 :Color = Color( 0, 0, 10);
Dec 02 00:30:38.551 INFO [stderr]     |     ^^^^^^^^^^^^^^^^^^^^^^^^^^^^^^^^^^^^^^^
Dec 02 00:30:38.551 INFO [stderr] 
Dec 02 00:30:39.151 INFO [stderr]     Finished dev [unoptimized + debuginfo] target(s) in 2.86s
Dec 02 00:30:39.161 INFO [stderr] su: No module specific data is present
Dec 02 00:30:39.824 INFO running `"docker" "inspect" "d6bc87867fbf906e80849bdf7f84b56bddb86b1f89e0888838d35c1ef20ec132"`
Dec 02 00:30:40.076 INFO running `"docker" "rm" "-f" "d6bc87867fbf906e80849bdf7f84b56bddb86b1f89e0888838d35c1ef20ec132"`
Dec 02 00:30:40.411 INFO [stdout] d6bc87867fbf906e80849bdf7f84b56bddb86b1f89e0888838d35c1ef20ec132
Dec 02 00:30:40.411 INFO running `"docker" "create" "-v" "/mnt/big/crater/work/local/target-dirs/beta-1.31-5/worker-7/master#8940af3cea4a9a9deabcaf843b2f8cad9a83fc61:/target:rw,Z" "-v" "/mnt/big/crater/work/local/test-source/worker-7/beta-1.31-5/master#8940af3cea4a9a9deabcaf843b2f8cad9a83fc61:/source:ro,Z" "-v" "/mnt/big/crater/work/local/cargo-home:/cargo-home:ro,Z" "-v" "/mnt/big/crater/work/local/rustup-home:/rustup-home:ro,Z" "-e" "USER_ID=1000" "-e" "SOURCE_DIR=/source" "-e" "USER_ID=1000" "-e" "CMD=cargo +8940af3cea4a9a9deabcaf843b2f8cad9a83fc61-alt test --frozen --no-run" "-e" "CARGO_TARGET_DIR=/target" "-e" "CARGO_INCREMENTAL=0" "-e" "RUST_BACKTRACE=full" "-e" "RUSTFLAGS=--cap-lints=warn" "-e" "CARGO_HOME=/cargo-home" "-e" "RUSTUP_HOME=/rustup-home" "-m" "1536M" "--network" "none" "crater"`
Dec 02 00:30:40.822 INFO [stdout] fb663db6789f3429e8328cf489dde79a0bab4807b44caf82890e11093e7bc94f
Dec 02 00:30:40.826 INFO running `"docker" "start" "-a" "fb663db6789f3429e8328cf489dde79a0bab4807b44caf82890e11093e7bc94f"`
Dec 02 00:30:42.389 INFO [stderr] usermod: no changes
Dec 02 00:30:42.491 INFO [stderr]    Compiling learnrust v0.1.0 (/source)
Dec 02 00:30:44.086 INFO [stderr] warning: unnecessary parentheses around `if` condition
Dec 02 00:30:44.087 INFO [stderr]   --> src/closures/learnIterator.rs:30:7
Dec 02 00:30:44.087 INFO [stderr]    |
Dec 02 00:30:44.087 INFO [stderr] 30 |     if(self.count < 6){
Dec 02 00:30:44.088 INFO [stderr]    |       ^^^^^^^^^^^^^^^^ help: remove these parentheses
Dec 02 00:30:44.088 INFO [stderr]    |
Dec 02 00:30:44.088 INFO [stderr]    = note: #[warn(unused_parens)] on by default
Dec 02 00:30:44.089 INFO [stderr] 
Dec 02 00:30:44.690 INFO [stderr] warning: field is never used: `email`
Dec 02 00:30:44.690 INFO [stderr]   --> src/main.rs:19:5
Dec 02 00:30:44.690 INFO [stderr]    |
Dec 02 00:30:44.690 INFO [stderr] 19 |     email: String,
Dec 02 00:30:44.690 INFO [stderr]    |     ^^^^^^^^^^^^^
Dec 02 00:30:44.690 INFO [stderr]    |
Dec 02 00:30:44.690 INFO [stderr]    = note: #[warn(dead_code)] on by default
Dec 02 00:30:44.690 INFO [stderr] 
Dec 02 00:30:44.690 INFO [stderr] warning: field is never used: `sign_in_count`
Dec 02 00:30:44.690 INFO [stderr]   --> src/main.rs:20:5
Dec 02 00:30:44.690 INFO [stderr]    |
Dec 02 00:30:44.690 INFO [stderr] 20 |     sign_in_count: u64,
Dec 02 00:30:44.690 INFO [stderr]    |     ^^^^^^^^^^^^^^^^^^
Dec 02 00:30:44.690 INFO [stderr] 
Dec 02 00:30:44.690 INFO [stderr] warning: field is never used: `active`
Dec 02 00:30:44.690 INFO [stderr]   --> src/main.rs:21:5
Dec 02 00:30:44.690 INFO [stderr]    |
Dec 02 00:30:44.690 INFO [stderr] 21 |     active: bool
Dec 02 00:30:44.690 INFO [stderr]    |     ^^^^^^^^^^^^
Dec 02 00:30:44.690 INFO [stderr] 
Dec 02 00:30:44.690 INFO [stderr] warning: constant `point1` should have an upper case name such as `POINT1`
Dec 02 00:30:44.690 INFO [stderr]    --> src/main.rs:100:5
Dec 02 00:30:44.690 INFO [stderr]     |
Dec 02 00:30:44.690 INFO [stderr] 100 |     const point1 :Point = Point(0,0,0);
Dec 02 00:30:44.690 INFO [stderr]     |     ^^^^^^^^^^^^^^^^^^^^^^^^^^^^^^^^^^^
Dec 02 00:30:44.690 INFO [stderr]     |
Dec 02 00:30:44.690 INFO [stderr]     = note: #[warn(non_upper_case_globals)] on by default
Dec 02 00:30:44.690 INFO [stderr] 
Dec 02 00:30:44.690 INFO [stderr] warning: constant `color1` should have an upper case name such as `COLOR1`
Dec 02 00:30:44.690 INFO [stderr]    --> src/main.rs:101:5
Dec 02 00:30:44.690 INFO [stderr]     |
Dec 02 00:30:44.690 INFO [stderr] 101 |     const color1 :Color = Color( 0, 0, 10);
Dec 02 00:30:44.690 INFO [stderr]     |     ^^^^^^^^^^^^^^^^^^^^^^^^^^^^^^^^^^^^^^^
Dec 02 00:30:44.690 INFO [stderr] 
Dec 02 00:30:45.003 INFO [stderr] warning: unused variable: `v_reference`
Dec 02 00:30:45.003 INFO [stderr]   --> src/lessons/commonCollection.rs:25:9
Dec 02 00:30:45.003 INFO [stderr]    |
Dec 02 00:30:45.003 INFO [stderr] 25 |     let v_reference = &v[v_index];
Dec 02 00:30:45.003 INFO [stderr]    |         ^^^^^^^^^^^ help: consider using `_v_reference` instead
Dec 02 00:30:45.003 INFO [stderr]    |
Dec 02 00:30:45.003 INFO [stderr]    = note: #[warn(unused_variables)] on by default
Dec 02 00:30:45.003 INFO [stderr] 
Dec 02 00:30:45.003 INFO [stderr] warning: unused variable: `s2`
Dec 02 00:30:45.003 INFO [stderr]   --> src/lessons/tryStringCollection.rs:24:7
Dec 02 00:30:45.003 INFO [stderr]    |
Dec 02 00:30:45.003 INFO [stderr] 24 |   let s2 = String::from("tac");
Dec 02 00:30:45.003 INFO [stderr]    |       ^^ help: consider using `_s2` instead
Dec 02 00:30:45.003 INFO [stderr] 
Dec 02 00:30:45.003 INFO [stderr] warning: unused variable: `point2`
Dec 02 00:30:45.003 INFO [stderr]   --> src/lessons/tryGenericTypes.rs:48:7
Dec 02 00:30:45.003 INFO [stderr]    |
Dec 02 00:30:45.003 INFO [stderr] 48 |   let point2 = Point{x : 10.1, y: 20.2};
Dec 02 00:30:45.003 INFO [stderr]    |       ^^^^^^ help: consider using `_point2` instead
Dec 02 00:30:45.003 INFO [stderr] 
Dec 02 00:30:45.003 INFO [stderr] warning: unused variable: `point2_2`
Dec 02 00:30:45.003 INFO [stderr]   --> src/lessons/tryGenericTypes.rs:53:7
Dec 02 00:30:45.003 INFO [stderr]    |
Dec 02 00:30:45.003 INFO [stderr] 53 |   let point2_2 = Point2{x : 20, y : 20.1};
Dec 02 00:30:45.003 INFO [stderr]    |       ^^^^^^^^ help: consider using `_point2_2` instead
Dec 02 00:30:45.003 INFO [stderr] 
Dec 02 00:30:45.003 INFO [stderr] warning: unused variable: `intensity`
Dec 02 00:30:45.003 INFO [stderr]   --> src/closures/learnClosure.rs:41:40
Dec 02 00:30:45.003 INFO [stderr]    |
Dec 02 00:30:45.003 INFO [stderr] 41 | pub fn simulated_expensive_calculation(intensity: u32){
Dec 02 00:30:45.003 INFO [stderr]    |                                        ^^^^^^^^^ help: consider using `_intensity` instead
Dec 02 00:30:45.003 INFO [stderr] 
Dec 02 00:30:45.003 INFO [stderr] warning: unused variable: `expensive_result2`
Dec 02 00:30:45.003 INFO [stderr]   --> src/closures/learnClosure.rs:62:7
Dec 02 00:30:45.003 INFO [stderr]    |
Dec 02 00:30:45.003 INFO [stderr] 62 |   let expensive_result2 = expensive_calculation(intensity);
Dec 02 00:30:45.003 INFO [stderr]    |       ^^^^^^^^^^^^^^^^^ help: consider using `_expensive_result2` instead
Dec 02 00:30:45.003 INFO [stderr] 
Dec 02 00:30:45.003 INFO [stderr] warning: unused variable: `expensive_result3`
Dec 02 00:30:45.003 INFO [stderr]   --> src/closures/learnClosure.rs:63:7
Dec 02 00:30:45.003 INFO [stderr]    |
Dec 02 00:30:45.003 INFO [stderr] 63 |   let expensive_result3 = |num: u32| -> u32{
Dec 02 00:30:45.003 INFO [stderr]    |       ^^^^^^^^^^^^^^^^^ help: consider using `_expensive_result3` instead
Dec 02 00:30:45.003 INFO [stderr] 
Dec 02 00:30:45.003 INFO [stderr] warning: unused variable: `guess`
Dec 02 00:30:45.003 INFO [stderr]   --> src/adder/mod.rs:45:7
Dec 02 00:30:45.003 INFO [stderr]    |
Dec 02 00:30:45.003 INFO [stderr] 45 |   let guess = Guess::new(0);
Dec 02 00:30:45.003 INFO [stderr]    |       ^^^^^ help: consider using `_guess` instead
Dec 02 00:30:45.003 INFO [stderr] 
Dec 02 00:30:45.003 INFO [stderr] warning: unused variable: `y`
Dec 02 00:30:45.003 INFO [stderr]   --> src/adder/mod.rs:74:7
Dec 02 00:30:45.003 INFO [stderr]    |
Dec 02 00:30:45.003 INFO [stderr] 74 |   let y = 10;
Dec 02 00:30:45.004 INFO [stderr]    |       ^ help: consider using `_y` instead
Dec 02 00:30:45.004 INFO [stderr] 
Dec 02 00:30:45.459 INFO [stderr] warning: function is never used: `returns_summarizable`
Dec 02 00:30:45.459 INFO [stderr]    --> src/lessons/tryGenericTypes.rs:132:1
Dec 02 00:30:45.459 INFO [stderr]     |
Dec 02 00:30:45.459 INFO [stderr] 132 | fn returns_summarizable() -> impl Summary {
Dec 02 00:30:45.459 INFO [stderr]     | ^^^^^^^^^^^^^^^^^^^^^^^^^^^^^^^^^^^^^^^^^
Dec 02 00:30:45.459 INFO [stderr]     |
Dec 02 00:30:45.459 INFO [stderr]     = note: #[warn(dead_code)] on by default
Dec 02 00:30:45.459 INFO [stderr] 
Dec 02 00:30:45.459 INFO [stderr] warning: field is never used: `value`
Dec 02 00:30:45.459 INFO [stderr]  --> src/lessons/Guess.rs:2:3
Dec 02 00:30:45.459 INFO [stderr]   |
Dec 02 00:30:45.459 INFO [stderr] 2 |   value:u32,
Dec 02 00:30:45.459 INFO [stderr]   |   ^^^^^^^^^
Dec 02 00:30:45.459 INFO [stderr] 
Dec 02 00:30:45.459 INFO [stderr] warning: module `commonCollection` should have a snake case name such as `common_collection`
Dec 02 00:30:45.459 INFO [stderr]  --> src/lessons/mod.rs:1:1
Dec 02 00:30:45.459 INFO [stderr]   |
Dec 02 00:30:45.459 INFO [stderr] 1 | pub mod commonCollection;
Dec 02 00:30:45.459 INFO [stderr]   | ^^^^^^^^^^^^^^^^^^^^^^^^^
Dec 02 00:30:45.459 INFO [stderr]   |
Dec 02 00:30:45.459 INFO [stderr]   = note: #[warn(non_snake_case)] on by default
Dec 02 00:30:45.459 INFO [stderr] 
Dec 02 00:30:45.459 INFO [stderr] warning: function `tryCommonCollection` should have a snake case name such as `try_common_collection`
Dec 02 00:30:45.459 INFO [stderr]   --> src/lessons/commonCollection.rs:8:1
Dec 02 00:30:45.459 INFO [stderr]    |
Dec 02 00:30:45.459 INFO [stderr] 8  | / pub fn tryCommonCollection(){
Dec 02 00:30:45.459 INFO [stderr] 9  | |     let v = vec![1,2,3];
Dec 02 00:30:45.459 INFO [stderr] 10 | |     println!("vector value : {:#?}", v);
Dec 02 00:30:45.459 INFO [stderr] 11 | |
Dec 02 00:30:45.459 INFO [stderr] ...  |
Dec 02 00:30:45.459 INFO [stderr] 65 | |     println!("row data : {:?}", row);
Dec 02 00:30:45.459 INFO [stderr] 66 | | }
Dec 02 00:30:45.459 INFO [stderr]    | |_^
Dec 02 00:30:45.459 INFO [stderr] 
Dec 02 00:30:45.459 INFO [stderr] warning: module `tryStringCollection` should have a snake case name such as `try_string_collection`
Dec 02 00:30:45.459 INFO [stderr]  --> src/lessons/mod.rs:3:1
Dec 02 00:30:45.459 INFO [stderr]   |
Dec 02 00:30:45.459 INFO [stderr] 3 | pub mod tryStringCollection;
Dec 02 00:30:45.459 INFO [stderr]   | ^^^^^^^^^^^^^^^^^^^^^^^^^^^^
Dec 02 00:30:45.459 INFO [stderr] 
Dec 02 00:30:45.459 INFO [stderr] warning: function `tryUpdateString` should have a snake case name such as `try_update_string`
Dec 02 00:30:45.459 INFO [stderr]   --> src/lessons/tryStringCollection.rs:1:1
Dec 02 00:30:45.459 INFO [stderr]    |
Dec 02 00:30:45.460 INFO [stderr] 1  | / pub fn tryUpdateString(){
Dec 02 00:30:45.460 INFO [stderr] 2  | |   println!("==============================");
Dec 02 00:30:45.460 INFO [stderr] 3  | |
Dec 02 00:30:45.460 INFO [stderr] 4  | |   let mut s = String::from("foo");
Dec 02 00:30:45.460 INFO [stderr] ...  |
Dec 02 00:30:45.460 INFO [stderr] 37 | |   println!("==============================");
Dec 02 00:30:45.460 INFO [stderr] 38 | | }
Dec 02 00:30:45.460 INFO [stderr]    | |_^
Dec 02 00:30:45.460 INFO [stderr] 
Dec 02 00:30:45.460 INFO [stderr] warning: module `tryHashMapCollection` should have a snake case name such as `try_hash_map_collection`
Dec 02 00:30:45.460 INFO [stderr]  --> src/lessons/mod.rs:5:1
Dec 02 00:30:45.460 INFO [stderr]   |
Dec 02 00:30:45.460 INFO [stderr] 5 | pub mod tryHashMapCollection;
Dec 02 00:30:45.460 INFO [stderr]   | ^^^^^^^^^^^^^^^^^^^^^^^^^^^^^
Dec 02 00:30:45.460 INFO [stderr] 
Dec 02 00:30:45.460 INFO [stderr] warning: function `tryHashMap` should have a snake case name such as `try_hash_map`
Dec 02 00:30:45.460 INFO [stderr]   --> src/lessons/tryHashMapCollection.rs:3:1
Dec 02 00:30:45.460 INFO [stderr]    |
Dec 02 00:30:45.460 INFO [stderr] 3  | / pub fn tryHashMap(){
Dec 02 00:30:45.460 INFO [stderr] 4  | |   println!("========================");
Dec 02 00:30:45.460 INFO [stderr] 5  | |
Dec 02 00:30:45.460 INFO [stderr] 6  | |   let mut scores = HashMap::new();
Dec 02 00:30:45.460 INFO [stderr] ...  |
Dec 02 00:30:45.460 INFO [stderr] 52 | |   println!("========================");
Dec 02 00:30:45.460 INFO [stderr] 53 | | }
Dec 02 00:30:45.460 INFO [stderr]    | |_^
Dec 02 00:30:45.460 INFO [stderr] 
Dec 02 00:30:45.460 INFO [stderr] warning: module `recoverableError` should have a snake case name such as `recoverable_error`
Dec 02 00:30:45.460 INFO [stderr]  --> src/lessons/mod.rs:7:1
Dec 02 00:30:45.460 INFO [stderr]   |
Dec 02 00:30:45.460 INFO [stderr] 7 | pub mod recoverableError;
Dec 02 00:30:45.460 INFO [stderr]   | ^^^^^^^^^^^^^^^^^^^^^^^^^
Dec 02 00:30:45.460 INFO [stderr] 
Dec 02 00:30:45.460 INFO [stderr] warning: function `recoverableError` should have a snake case name such as `recoverable_error`
Dec 02 00:30:45.460 INFO [stderr]   --> src/lessons/recoverableError.rs:27:1
Dec 02 00:30:45.460 INFO [stderr]    |
Dec 02 00:30:45.460 INFO [stderr] 27 | / pub fn recoverableError(){
Dec 02 00:30:45.460 INFO [stderr] 28 | |   let f = File::open("hello.txt");
Dec 02 00:30:45.460 INFO [stderr] 29 | |   let t = match f{
Dec 02 00:30:45.460 INFO [stderr] 30 | |     Ok(file) => file,
Dec 02 00:30:45.460 INFO [stderr] ...  |
Dec 02 00:30:45.460 INFO [stderr] 54 | |   println!("file value : {:?}", t);
Dec 02 00:30:45.460 INFO [stderr] 55 | | }
Dec 02 00:30:45.460 INFO [stderr]    | |_^
Dec 02 00:30:45.460 INFO [stderr] 
Dec 02 00:30:45.460 INFO [stderr] warning: module `tryGenericTypes` should have a snake case name such as `try_generic_types`
Dec 02 00:30:45.460 INFO [stderr]  --> src/lessons/mod.rs:9:1
Dec 02 00:30:45.460 INFO [stderr]   |
Dec 02 00:30:45.460 INFO [stderr] 9 | pub mod tryGenericTypes;
Dec 02 00:30:45.460 INFO [stderr]   | ^^^^^^^^^^^^^^^^^^^^^^^^
Dec 02 00:30:45.460 INFO [stderr] 
Dec 02 00:30:45.460 INFO [stderr] warning: module `tryLifetime` should have a snake case name such as `try_lifetime`
Dec 02 00:30:45.460 INFO [stderr]   --> src/lessons/mod.rs:11:1
Dec 02 00:30:45.460 INFO [stderr]    |
Dec 02 00:30:45.460 INFO [stderr] 11 | pub mod tryLifetime;
Dec 02 00:30:45.460 INFO [stderr]    | ^^^^^^^^^^^^^^^^^^^^
Dec 02 00:30:45.460 INFO [stderr] 
Dec 02 00:30:45.460 INFO [stderr] warning: module `Rectangle` should have a snake case name such as `rectangle`
Dec 02 00:30:45.460 INFO [stderr]   --> src/lessons/mod.rs:13:1
Dec 02 00:30:45.460 INFO [stderr]    |
Dec 02 00:30:45.460 INFO [stderr] 13 | pub mod Rectangle;
Dec 02 00:30:45.460 INFO [stderr]    | ^^^^^^^^^^^^^^^^^^
Dec 02 00:30:45.460 INFO [stderr] 
Dec 02 00:30:45.461 INFO [stderr] warning: module `Guess` should have a snake case name such as `guess`
Dec 02 00:30:45.461 INFO [stderr]   --> src/lessons/mod.rs:15:1
Dec 02 00:30:45.461 INFO [stderr]    |
Dec 02 00:30:45.461 INFO [stderr] 15 | pub mod Guess;
Dec 02 00:30:45.461 INFO [stderr]    | ^^^^^^^^^^^^^^
Dec 02 00:30:45.461 INFO [stderr] 
Dec 02 00:30:45.463 INFO [stderr] warning: module `learnClosure` should have a snake case name such as `learn_closure`
Dec 02 00:30:45.463 INFO [stderr]  --> src/closures/mod.rs:8:1
Dec 02 00:30:45.463 INFO [stderr]   |
Dec 02 00:30:45.463 INFO [stderr] 8 | pub mod learnClosure;
Dec 02 00:30:45.463 INFO [stderr]   | ^^^^^^^^^^^^^^^^^^^^^
Dec 02 00:30:45.463 INFO [stderr] 
Dec 02 00:30:45.483 INFO [stderr] warning: module `learnIterator` should have a snake case name such as `learn_iterator`
Dec 02 00:30:45.483 INFO [stderr]  --> src/closures/mod.rs:9:1
Dec 02 00:30:45.483 INFO [stderr]   |
Dec 02 00:30:45.483 INFO [stderr] 9 | pub mod learnIterator;
Dec 02 00:30:45.483 INFO [stderr]   | ^^^^^^^^^^^^^^^^^^^^^^
Dec 02 00:30:45.483 INFO [stderr] 
Dec 02 00:30:45.483 INFO [stderr] warning: function `learnIterator` should have a snake case name such as `learn_iterator`
Dec 02 00:30:45.483 INFO [stderr]   --> src/closures/learnIterator.rs:41:1
Dec 02 00:30:45.483 INFO [stderr]    |
Dec 02 00:30:45.483 INFO [stderr] 41 | / pub fn learnIterator(){
Dec 02 00:30:45.483 INFO [stderr] 42 | |   let v1 = vec![1,2,3,4];
Dec 02 00:30:45.483 INFO [stderr] 43 | |   let v1_iter = v1.iter();
Dec 02 00:30:45.483 INFO [stderr] 44 | |   for item in v1_iter{
Dec 02 00:30:45.483 INFO [stderr] ...  |
Dec 02 00:30:45.483 INFO [stderr] 64 | |   println!("============================");
Dec 02 00:30:45.483 INFO [stderr] 65 | | }
Dec 02 00:30:45.483 INFO [stderr]    | |_^
Dec 02 00:30:45.483 INFO [stderr] 
Dec 02 00:30:46.501 INFO [stderr]     Finished dev [unoptimized + debuginfo] target(s) in 4.08s
Dec 02 00:30:46.504 INFO [stderr] su: No module specific data is present
Dec 02 00:30:47.525 INFO running `"docker" "inspect" "fb663db6789f3429e8328cf489dde79a0bab4807b44caf82890e11093e7bc94f"`
Dec 02 00:30:47.779 INFO running `"docker" "rm" "-f" "fb663db6789f3429e8328cf489dde79a0bab4807b44caf82890e11093e7bc94f"`
Dec 02 00:30:48.019 INFO [stdout] fb663db6789f3429e8328cf489dde79a0bab4807b44caf82890e11093e7bc94f
Dec 02 00:30:48.027 INFO running `"docker" "create" "-v" "/mnt/big/crater/work/local/target-dirs/beta-1.31-5/worker-7/master#8940af3cea4a9a9deabcaf843b2f8cad9a83fc61:/target:rw,Z" "-v" "/mnt/big/crater/work/local/test-source/worker-7/beta-1.31-5/master#8940af3cea4a9a9deabcaf843b2f8cad9a83fc61:/source:ro,Z" "-v" "/mnt/big/crater/work/local/cargo-home:/cargo-home:ro,Z" "-v" "/mnt/big/crater/work/local/rustup-home:/rustup-home:ro,Z" "-e" "USER_ID=1000" "-e" "SOURCE_DIR=/source" "-e" "USER_ID=1000" "-e" "CMD=cargo +8940af3cea4a9a9deabcaf843b2f8cad9a83fc61-alt test --frozen" "-e" "CARGO_TARGET_DIR=/target" "-e" "CARGO_INCREMENTAL=0" "-e" "RUST_BACKTRACE=full" "-e" "RUSTFLAGS=--cap-lints=warn" "-e" "CARGO_HOME=/cargo-home" "-e" "RUSTUP_HOME=/rustup-home" "-m" "1536M" "--network" "none" "crater"`
Dec 02 00:30:48.500 INFO [stdout] 82f008c2517dfef98e0d573832c9feecf8c069f40a613ae2cadc08974cab67dd
Dec 02 00:30:48.502 INFO running `"docker" "start" "-a" "82f008c2517dfef98e0d573832c9feecf8c069f40a613ae2cadc08974cab67dd"`
Dec 02 00:30:50.067 INFO [stderr] usermod: no changes
Dec 02 00:30:50.207 INFO [stderr]     Finished dev [unoptimized + debuginfo] target(s) in 0.10s
Dec 02 00:30:50.227 INFO [stderr]      Running /target/debug/deps/learnrust-37df8cb19169fc96
Dec 02 00:30:50.243 INFO [stdout] 
Dec 02 00:30:50.243 INFO [stdout] running 9 tests
Dec 02 00:30:50.243 INFO [stdout] test adder::another ... ignored
Dec 02 00:30:50.243 INFO [stdout] test adder::it_works_using_result ... ignored
Dec 02 00:30:50.243 INFO [stdout] test adder::test_greeting_name ... ignored
Dec 02 00:30:50.243 INFO [stdout] test adder::test_guess_game ... ignored
Dec 02 00:30:50.259 INFO [stdout] test adder::smaller_can_not_hold_larger ... ok
Dec 02 00:30:50.259 INFO [stdout] test adder::exploration ... ok
Dec 02 00:30:50.259 INFO [stdout] test adder::test_closure ... ok
Dec 02 00:30:50.259 INFO [stdout] test adder::larger_can_hold_smaller ... ok
Dec 02 00:30:50.259 INFO [stdout] test adder::add_two_test ... ok
Dec 02 00:30:50.259 INFO [stdout] 
Dec 02 00:30:50.259 INFO [stdout] test result: ok. 5 passed; 0 failed; 4 ignored; 0 measured; 0 filtered out
Dec 02 00:30:50.259 INFO [stdout] 
Dec 02 00:30:50.263 INFO [stderr]      Running /target/debug/deps/learnrust-8a3cf53bb48f9113
Dec 02 00:30:50.275 INFO [stderr]      Running /target/debug/deps/integration_test-ae5bcbf980e509f3
Dec 02 00:30:50.275 INFO [stdout] 
Dec 02 00:30:50.275 INFO [stdout] running 0 tests
Dec 02 00:30:50.275 INFO [stdout] 
Dec 02 00:30:50.275 INFO [stdout] test result: ok. 0 passed; 0 failed; 0 ignored; 0 measured; 0 filtered out
Dec 02 00:30:50.275 INFO [stdout] 
Dec 02 00:30:50.287 INFO [stdout] 
Dec 02 00:30:50.287 INFO [stdout] running 1 test
Dec 02 00:30:50.287 INFO [stderr]    Doc-tests learnrust
Dec 02 00:30:50.287 INFO [stdout] test integration_it_adds_two ... ok
Dec 02 00:30:50.287 INFO [stdout] 
Dec 02 00:30:50.287 INFO [stdout] test result: ok. 1 passed; 0 failed; 0 ignored; 0 measured; 0 filtered out
Dec 02 00:30:50.287 INFO [stdout] 
Dec 02 00:30:51.123 INFO [stdout] 
Dec 02 00:30:51.123 INFO [stdout] running 1 test
Dec 02 00:30:52.107 INFO [stdout] test src/closures/learnClosure.rs - closures::learnClosure::simulated_expensive_calculation (line 36) ... FAILED
Dec 02 00:30:52.107 INFO [stdout] 
Dec 02 00:30:52.107 INFO [stdout] failures:
Dec 02 00:30:52.107 INFO [stdout] 
Dec 02 00:30:52.107 INFO [stdout] ---- src/closures/learnClosure.rs - closures::learnClosure::simulated_expensive_calculation (line 36) stdout ----
Dec 02 00:30:52.107 INFO [stdout] error[E0433]: failed to resolve: use of undeclared type or module `my_crate`
Dec 02 00:30:52.107 INFO [stdout]  --> src/closures/learnClosure.rs:39:15
Dec 02 00:30:52.107 INFO [stdout]   |
Dec 02 00:30:52.107 INFO [stdout] 5 | assert_eq!(6, my_crate::add_one(5));
Dec 02 00:30:52.107 INFO [stdout]   |               ^^^^^^^^ use of undeclared type or module `my_crate`
Dec 02 00:30:52.107 INFO [stdout] 
Dec 02 00:30:52.107 INFO [stdout] thread 'src/closures/learnClosure.rs - closures::learnClosure::simulated_expensive_calculation (line 36)' panicked at 'couldn't compile the test', librustdoc/test.rs:332:13
Dec 02 00:30:52.107 INFO [stdout] stack backtrace:
Dec 02 00:30:52.107 INFO [stdout]    0:     0x7ff16054e90f - std::sys::unix::backtrace::tracing::imp::unwind_backtrace::h3a8b83e1922cbdde
Dec 02 00:30:52.107 INFO [stdout]                                at libstd/sys/unix/backtrace/tracing/gcc_s.rs:49
Dec 02 00:30:52.107 INFO [stdout]    1:     0x7ff160533897 - std::sys_common::backtrace::print::h00d3155a29b4020f
Dec 02 00:30:52.107 INFO [stdout]                                at libstd/sys_common/backtrace.rs:71
Dec 02 00:30:52.107 INFO [stdout]                                at libstd/sys_common/backtrace.rs:59
Dec 02 00:30:52.107 INFO [stdout]    2:     0x7ff160559cef - std::panicking::default_hook::{{closure}}::hd7465c742e79e1bb
Dec 02 00:30:52.107 INFO [stdout]                                at libstd/panicking.rs:211
Dec 02 00:30:52.107 INFO [stdout]    3:     0x7ff1605599ee - std::panicking::default_hook::h9e3966f2aa2a6e12
Dec 02 00:30:52.108 INFO [stdout]                                at libstd/panicking.rs:221
Dec 02 00:30:52.108 INFO [stdout]    4:     0x7ff1626e4951 - rustc::util::common::panic_hook::h27965632b67fe74e
Dec 02 00:30:52.108 INFO [stdout]    5:     0x7ff16055a4e6 - std::panicking::rust_panic_with_hook::h587f091ae747d080
Dec 02 00:30:52.108 INFO [stdout]                                at libstd/panicking.rs:480
Dec 02 00:30:52.108 INFO [stdout]    6:     0x55f5c25dfb17 - std::panicking::begin_panic::hcef7ac517f7efe0f
Dec 02 00:30:52.108 INFO [stdout]                                at libstd/panicking.rs:410
Dec 02 00:30:52.108 INFO [stdout]    7:     0x55f5c2773cc7 - <rustdoc::test::Collector as rustdoc::test::Tester>::add_test::{{closure}}::{{closure}}::{{closure}}::h1a7d462b7674a13e
Dec 02 00:30:52.108 INFO [stdout]                                at librustdoc/test.rs:332
Dec 02 00:30:52.108 INFO [stdout]                                at librustdoc/test.rs:596
Dec 02 00:30:52.108 INFO [stdout]    8:     0x55f5c27291f8 - <scoped_tls::ScopedKey<T>>::set::h9a299037e2efdd79
Dec 02 00:30:52.108 INFO [stdout]                                at /cargo/registry/src/github.com-1ecc6299db9ec823/scoped-tls-0.1.2/src/lib.rs:155
Dec 02 00:30:52.108 INFO [stdout]                                at libsyntax/lib.rs:106
Dec 02 00:30:52.108 INFO [stdout]                                at /cargo/registry/src/github.com-1ecc6299db9ec823/scoped-tls-0.1.2/src/lib.rs:155
Dec 02 00:30:52.108 INFO [stdout]    9:     0x55f5c252d601 - syntax::with_globals::hc9a23e436a64729f
Dec 02 00:30:52.108 INFO [stdout]                                at libsyntax/lib.rs:105
Dec 02 00:30:52.108 INFO [stdout]   10:     0x55f5c25dfdbb - std::panicking::try::do_call::hd95e3a92339aa7c0
Dec 02 00:30:52.108 INFO [stdout]                                at librustdoc/test.rs:593
Dec 02 00:30:52.108 INFO [stdout]                                at libstd/panic.rs:313
Dec 02 00:30:52.108 INFO [stdout]                                at libstd/panicking.rs:310
Dec 02 00:30:52.108 INFO [stdout]   11:     0x7ff160567cd9 - __rust_maybe_catch_panic
Dec 02 00:30:52.108 INFO [stdout]                                at libpanic_unwind/lib.rs:102
Dec 02 00:30:52.108 INFO [stdout]   12:     0x55f5c2602f49 - rustc_driver::in_named_rustc_thread::h5d5326e5f9843b1f
Dec 02 00:30:52.108 INFO [stdout]                                at libstd/panicking.rs:289
Dec 02 00:30:52.108 INFO [stdout]                                at libstd/panic.rs:392
Dec 02 00:30:52.108 INFO [stdout]                                at librustc_driver/lib.rs:1546
Dec 02 00:30:52.108 INFO [stdout]   13:     0x55f5c2741eb0 - <F as alloc::boxed::FnBox<A>>::call_box::h85b70bbf522f8d35
Dec 02 00:30:52.108 INFO [stdout]                                at librustdoc/test.rs:593
Dec 02 00:30:52.108 INFO [stdout]                                at liballoc/boxed.rs:672
Dec 02 00:30:52.108 INFO [stdout]   14:     0x7ff161bc9022 - <F as alloc::boxed::FnBox<A>>::call_box::h37f4bb882553d58c
Dec 02 00:30:52.108 INFO [stdout]                                at libtest/lib.rs:1461
Dec 02 00:30:52.108 INFO [stdout]                                at liballoc/boxed.rs:672
Dec 02 00:30:52.108 INFO [stdout]   15:     0x7ff160567cd9 - __rust_maybe_catch_panic
Dec 02 00:30:52.108 INFO [stdout]                                at libpanic_unwind/lib.rs:102
Dec 02 00:30:52.108 INFO [stdout]   16:     0x7ff161bf1462 - std::sys_common::backtrace::__rust_begin_short_backtrace::hb8f0d0309526c184
Dec 02 00:30:52.108 INFO [stdout]                                at libstd/panicking.rs:289
Dec 02 00:30:52.108 INFO [stdout]                                at libstd/panic.rs:392
Dec 02 00:30:52.108 INFO [stdout]                                at libtest/lib.rs:1423
Dec 02 00:30:52.108 INFO [stdout]                                at libstd/sys_common/backtrace.rs:136
Dec 02 00:30:52.108 INFO [stdout]   17:     0x7ff161bf2204 - std::panicking::try::do_call::hc2f7c8b9a348d8db
Dec 02 00:30:52.108 INFO [stdout]                                at libstd/thread/mod.rs:409
Dec 02 00:30:52.108 INFO [stdout]                                at libstd/panic.rs:313
Dec 02 00:30:52.108 INFO [stdout]                                at libstd/panicking.rs:310
Dec 02 00:30:52.108 INFO [stdout]   18:     0x7ff160567cd9 - __rust_maybe_catch_panic
Dec 02 00:30:52.108 INFO [stdout]                                at libpanic_unwind/lib.rs:102
Dec 02 00:30:52.108 INFO [stdout]   19:     0x7ff161bda94c - <F as alloc::boxed::FnBox<A>>::call_box::h6bfded618e480b32
Dec 02 00:30:52.108 INFO [stdout]                                at libstd/panicking.rs:289
Dec 02 00:30:52.108 INFO [stdout]                                at libstd/panic.rs:392
Dec 02 00:30:52.108 INFO [stdout]                                at libstd/thread/mod.rs:408
Dec 02 00:30:52.108 INFO [stdout]                                at liballoc/boxed.rs:672
Dec 02 00:30:52.108 INFO [stdout]   20:     0x7ff160554c9d - std::sys_common::thread::start_thread::h4c28257d67cdf9cb
Dec 02 00:30:52.108 INFO [stdout]                                at liballoc/boxed.rs:682
Dec 02 00:30:52.108 INFO [stdout]                                at libstd/sys_common/thread.rs:24
Dec 02 00:30:52.108 INFO [stdout]   21:     0x7ff16052a4d5 - std::sys::unix::thread::Thread::new::thread_start::hfecb2e7eff8fd34f
Dec 02 00:30:52.108 INFO [stdout]                                at libstd/sys/unix/thread.rs:90
Dec 02 00:30:52.108 INFO [stdout]   22:     0x7ff1600b66b9 - start_thread
Dec 02 00:30:52.108 INFO [stdout]   23:     0x7ff15fbd641c - clone
Dec 02 00:30:52.108 INFO [stdout]   24:                0x0 - <unknown>
Dec 02 00:30:52.108 INFO [stdout] query stack during panic:
Dec 02 00:30:52.108 INFO [stdout] end of query stack
Dec 02 00:30:52.108 INFO [stdout] 
Dec 02 00:30:52.108 INFO [stdout] 
Dec 02 00:30:52.108 INFO [stdout] failures:
Dec 02 00:30:52.108 INFO [stdout]     src/closures/learnClosure.rs - closures::learnClosure::simulated_expensive_calculation (line 36)
Dec 02 00:30:52.108 INFO [stdout] 
Dec 02 00:30:52.108 INFO [stdout] test result: FAILED. 0 passed; 1 failed; 0 ignored; 0 measured; 0 filtered out
Dec 02 00:30:52.108 INFO [stdout] 
Dec 02 00:30:52.118 INFO [stderr] error: test failed, to rerun pass '--doc'
Dec 02 00:30:52.127 INFO [stderr] su: No module specific data is present
Dec 02 00:30:52.935 INFO running `"docker" "inspect" "82f008c2517dfef98e0d573832c9feecf8c069f40a613ae2cadc08974cab67dd"`
Dec 02 00:30:53.225 INFO running `"docker" "rm" "-f" "82f008c2517dfef98e0d573832c9feecf8c069f40a613ae2cadc08974cab67dd"`
Dec 02 00:30:53.695 INFO [stdout] 82f008c2517dfef98e0d573832c9feecf8c069f40a613ae2cadc08974cab67dd
